74.7.227.39 - - [01/Mar/2026:07:50:59 -0500] "GET /_ga=2.199586406.1959857154.1723160148-461459356.1699482175&_bdsid=xtn135.n~VKWKL.1751356611166.1712044111&_bd_prev_page=https:/quickmerchantcapital.com/detail.php?138045020.htm HTTP/1.1" 404 13056 "https://quickmerchantcapital.com" "Mozilla/5.0 AppleWebKit/537.36 (KHTML, like Gecko; compatible; GPTBot/1.3; +https://openai.com/gptbot)"
74.7.227.39 - - [01/Mar/2026:07:51:01 -0500] "GET /_ga=2.195823767.1955401214.1729312194-278756305.1699646702&_bdsid=1b4iap.n~QZAAA.1790859172517.1730789147&_bd_prev_page=https:/quickmerchantcapital.com/detail.php?122000191.htm HTTP/1.1" 404 13056 "https://quickmerchantcapital.com" "Mozilla/5.0 AppleWebKit/537.36 (KHTML, like Gecko; compatible; GPTBot/1.3; +https://openai.com/gptbot)"
74.7.227.39 - - [01/Mar/2026:07:51:04 -0500] "GET /_ga=2.193113501.1957738671.1720987050-256080658.1699938783&_bdsid=anod9s.n~HJXMJ.1774817470313.1717891956&_bd_prev_page=https:/quickmerchantcapital.com/detail.php?113008687.htm HTTP/1.1" 404 13056 "https://quickmerchantcapital.com" "Mozilla/5.0 AppleWebKit/537.36 (KHTML, like Gecko; compatible; GPTBot/1.3; +https://openai.com/gptbot)"
74.7.227.39 - - [01/Mar/2026:07:51:07 -0500] "GET /_ga=2.199771230.1959967301.1729407510-240694491.1699689566&_bdsid=o54bv6.n~ZUMFA.1780085916597.1766543814&_bd_prev_page=https:/quickmerchantcapital.com/detail.php?111016578.htm HTTP/1.1" 404 13056 "https://quickmerchantcapital.com" "Mozilla/5.0 AppleWebKit/537.36 (KHTML, like Gecko; compatible; GPTBot/1.3; +https://openai.com/gptbot)"
192.36.71.133 - - [01/Mar/2026:07:51:07 -0500] "GET / HTTP/1.1" 200 22179 "https://quickmerchantcapital.com/" "Mozilla/5.0 (Linux; U; Android 13; sk-sk; Xiaomi 11T Pro Build/TKQ1.220829.002) AppleWebKit/537.36 (KHTML, like Gecko) Version/4.0 Chrome/112.0.5615.136 Mobile Safari/537.36 XiaoMi/MiuiBrowser/14.4.0-g"
74.7.227.39 - - [01/Mar/2026:07:51:09 -0500] "GET /_ga=2.194914783.1956240794.1725368939-079101007.1699921414&_bdsid=lxtz0o.n~QJZKK.1750557375518.1739916199&_bd_prev_page=https:/quickmerchantcapital.com/detail.php?034011105.htm HTTP/1.1" 404 13056 "https://quickmerchantcapital.com" "Mozilla/5.0 AppleWebKit/537.36 (KHTML, like Gecko; compatible; GPTBot/1.3; +https://openai.com/gptbot)"
192.36.71.133 - - [01/Mar/2026:07:51:09 -0500] "GET /top-benefits-of-quick-merchant-capital-mca-loans/ HTTP/1.1" 200 19557 "-" "Mozilla/5.0 (Linux; U; Android 13; sk-sk; Xiaomi 11T Pro Build/TKQ1.220829.002) AppleWebKit/537.36 (KHTML, like Gecko) Version/4.0 Chrome/112.0.5615.136 Mobile Safari/537.36 XiaoMi/MiuiBrowser/14.4.0-g"
192.71.2.171 - - [01/Mar/2026:07:51:10 -0500] "GET /terms-conditions/ HTTP/1.1" 200 17904 "-" "Mozilla/5.0 (Linux; U; Android 13; sk-sk; Xiaomi 11T Pro Build/TKQ1.220829.002) AppleWebKit/537.36 (KHTML, like Gecko) Version/4.0 Chrome/112.0.5615.136 Mobile Safari/537.36 XiaoMi/MiuiBrowser/14.4.0-g"
74.7.227.39 - - [01/Mar/2026:07:51:13 -0500] "GET /_ga=2.196111654.1959998617.1721107896-610845669.1699486932&_bdsid=wqjl2x.n~KGMGR.1736227195099.1789953421&_bd_prev_page=https:/quickmerchantcapital.com/detail.php?124028961.htm HTTP/1.1" 404 13056 "https://quickmerchantcapital.com" "Mozilla/5.0 AppleWebKit/537.36 (KHTML, like Gecko; compatible; GPTBot/1.3; +https://openai.com/gptbot)"
74.7.227.39 - - [01/Mar/2026:07:51:15 -0500] "GET /_ga=2.190544522.1955005885.1729907706-067762421.1699955981&_bdsid=7n2vzq.n~YIKXO.1786160638781.1703070629&_bd_prev_page=https:/quickmerchantcapital.com/detail.php?194013455.htm HTTP/1.1" 404 13056 "https://quickmerchantcapital.com" "Mozilla/5.0 AppleWebKit/537.36 (KHTML, like Gecko; compatible; GPTBot/1.3; +https://openai.com/gptbot)"
74.7.227.39 - - [01/Mar/2026:07:51:17 -0500] "GET /_ga=2.195346596.1951406804.1722478422-982977711.1699596777&_bdsid=altiih.n~FBTBU.1799955034367.1733119848&_bd_prev_page=https:/quickmerchantcapital.com/detail.php?113045530.htm HTTP/1.1" 404 13056 "https://quickmerchantcapital.com" "Mozilla/5.0 AppleWebKit/537.36 (KHTML, like Gecko; compatible; GPTBot/1.3; +https://openai.com/gptbot)"
74.7.227.39 - - [01/Mar/2026:07:51:18 -0500] "GET /_ga=2.199339974.1953377627.1725772073-995894949.1699975949&_bdsid=6a64oe.n~WDUVC.1792929972264.1762622966&_bd_prev_page=https:/quickmerchantcapital.com/detail.php?100018481.htm HTTP/1.1" 404 13056 "https://quickmerchantcapital.com" "Mozilla/5.0 AppleWebKit/537.36 (KHTML, like Gecko; compatible; GPTBot/1.3; +https://openai.com/gptbot)"
74.7.227.39 - - [01/Mar/2026:07:51:24 -0500] "GET /_ga=2.193878009.1954146676.1722877474-866767062.1699997973&_bdsid=xadjhy.n~EBJGO.1793592859623.1723159310&_bd_prev_page=https:/quickmerchantcapital.com/detail.php?039024199.htm HTTP/1.1" 404 13056 "https://quickmerchantcapital.com" "Mozilla/5.0 AppleWebKit/537.36 (KHTML, like Gecko; compatible; GPTBot/1.3; +https://openai.com/gptbot)"
74.7.227.39 - - [01/Mar/2026:07:51:28 -0500] "GET /_ga=2.192017758.1953655989.1728003138-668482151.1699964618&_bdsid=suss2e.n~VFABQ.1727363138307.1729195989&_bd_prev_page=https:/quickmerchantcapital.com/detail.php?016022783.htm HTTP/1.1" 404 13056 "https://quickmerchantcapital.com" "Mozilla/5.0 AppleWebKit/537.36 (KHTML, like Gecko; compatible; GPTBot/1.3; +https://openai.com/gptbot)"
74.7.227.39 - - [01/Mar/2026:07:51:29 -0500] "GET /_ga=2.196661534.1959984538.1725209123-326930319.1699908474&_bdsid=nke96j.n~QGPLU.1775764327917.1769087493&_bd_prev_page=https:/quickmerchantcapital.com/detail.php?121023009.htm HTTP/1.1" 404 13056 "https://quickmerchantcapital.com" "Mozilla/5.0 AppleWebKit/537.36 (KHTML, like Gecko; compatible; GPTBot/1.3; +https://openai.com/gptbot)"
74.7.227.39 - - [01/Mar/2026:07:51:31 -0500] "GET /_ga=2.196595820.1959895633.1723168229-840553657.1699041183&_bdsid=zzh7h8.n~SXLVX.1765863415341.1797582398&_bd_prev_page=https:/quickmerchantcapital.com/detail.php?141022238.htm HTTP/1.1" 404 13056 "https://quickmerchantcapital.com" "Mozilla/5.0 AppleWebKit/537.36 (KHTML, like Gecko; compatible; GPTBot/1.3; +https://openai.com/gptbot)"
74.7.227.39 - - [01/Mar/2026:07:51:32 -0500] "GET /_ga=2.191119834.1950056382.1726843102-586093438.1699679281&_bdsid=7lj3zs.n~XYMRQ.1707175779070.1759525538&_bd_prev_page=https:/quickmerchantcapital.com/detail.php?279030230.htm HTTP/1.1" 404 13056 "https://quickmerchantcapital.com" "Mozilla/5.0 AppleWebKit/537.36 (KHTML, like Gecko; compatible; GPTBot/1.3; +https://openai.com/gptbot)"
74.7.227.39 - - [01/Mar/2026:07:51:40 -0500] "GET /_ga=2.193656882.1959491162.1725300178-133826119.1699009576&_bdsid=9tolrr.n~KKCNO.1770115503105.1798822948&_bd_prev_page=https:/quickmerchantcapital.com/detail.php?105000840.htm HTTP/1.1" 404 13056 "https://quickmerchantcapital.com" "Mozilla/5.0 AppleWebKit/537.36 (KHTML, like Gecko; compatible; GPTBot/1.3; +https://openai.com/gptbot)"
74.7.227.39 - - [01/Mar/2026:07:51:43 -0500] "GET /_ga=2.197644976.1959002497.1725579130-524190236.1699964279&_bdsid=fqi1eq.n~ZOPGS.1713926863288.1717356513&_bd_prev_page=https:/quickmerchantcapital.com/detail.php?177001451.htm HTTP/1.1" 404 13056 "https://quickmerchantcapital.com" "Mozilla/5.0 AppleWebKit/537.36 (KHTML, like Gecko; compatible; GPTBot/1.3; +https://openai.com/gptbot)"
74.7.227.39 - - [01/Mar/2026:07:51:12 -0500] "GET /_ga=2.195480195.1958370252.1729745350-204348333.1699278758&_bdsid=acqu0z.n~WZNOP.1736888025477.1787771453&_bd_prev_page=https:/quickmerchantcapital.com/detail.php?056008849.htm HTTP/1.1" 404 13056 "https://quickmerchantcapital.com" "Mozilla/5.0 AppleWebKit/537.36 (KHTML, like Gecko; compatible; GPTBot/1.3; +https://openai.com/gptbot)"
74.7.227.39 - - [01/Mar/2026:07:51:20 -0500] "GET /_ga=2.196962216.1952599850.1725882503-661289985.1699284655&_bdsid=5ngem0.n~SQGSZ.1735531996612.1777462200&_bd_prev_page=https:/quickmerchantcapital.com/detail.php?245031652.htm HTTP/1.1" 404 13056 "https://quickmerchantcapital.com" "Mozilla/5.0 AppleWebKit/537.36 (KHTML, like Gecko; compatible; GPTBot/1.3; +https://openai.com/gptbot)"
74.7.227.39 - - [01/Mar/2026:07:51:21 -0500] "GET /_ga=2.196611260.1955002582.1728862968-469164216.1699904935&_bdsid=cw9xsv.n~KUPMT.1797289722150.1750165003&_bd_prev_page=https:/quickmerchantcapital.com/detail.php?208031398.htm HTTP/1.1" 404 13056 "https://quickmerchantcapital.com" "Mozilla/5.0 AppleWebKit/537.36 (KHTML, like Gecko; compatible; GPTBot/1.3; +https://openai.com/gptbot)"
74.7.227.39 - - [01/Mar/2026:07:51:23 -0500] "GET /_ga=2.193655452.1955110173.1725525161-414535891.1699029796&_bdsid=mvz5jc.n~JOMBJ.1704758444917.1739643337&_bd_prev_page=https:/quickmerchantcapital.com/detail.php?081028117.htm HTTP/1.1" 404 13056 "https://quickmerchantcapital.com" "Mozilla/5.0 AppleWebKit/537.36 (KHTML, like Gecko; compatible; GPTBot/1.3; +https://openai.com/gptbot)"
74.7.227.39 - - [01/Mar/2026:07:51:26 -0500] "GET /_ga=2.192388050.1957558482.1721170723-580814445.1699797544&_bdsid=0gd6wg.n~RTCPH.1763338176443.1788891325&_bd_prev_page=https:/quickmerchantcapital.com/detail.php?295016601.htm HTTP/1.1" 404 13056 "https://quickmerchantcapital.com" "Mozilla/5.0 AppleWebKit/537.36 (KHTML, like Gecko; compatible; GPTBot/1.3; +https://openai.com/gptbot)"
74.7.227.39 - - [01/Mar/2026:07:51:34 -0500] "GET /_ga=2.194812352.1953489782.1725621648-536514224.1699981236&_bdsid=9cc4hf.n~IBDVH.1756116141660.1793393839&_bd_prev_page=https:/quickmerchantcapital.com/detail.php?221047025.htm HTTP/1.1" 404 13056 "https://quickmerchantcapital.com" "Mozilla/5.0 AppleWebKit/537.36 (KHTML, like Gecko; compatible; GPTBot/1.3; +https://openai.com/gptbot)"
74.7.227.39 - - [01/Mar/2026:07:51:35 -0500] "GET /_ga=2.190347262.1950124845.1729078714-760645866.1699919435&_bdsid=9fr1kw.n~ZEXYH.1701522740857.1725336841&_bd_prev_page=https:/quickmerchantcapital.com/detail.php?053040926.htm HTTP/1.1" 404 13056 "https://quickmerchantcapital.com" "Mozilla/5.0 AppleWebKit/537.36 (KHTML, like Gecko; compatible; GPTBot/1.3; +https://openai.com/gptbot)"
74.7.227.39 - - [01/Mar/2026:07:51:37 -0500] "GET /_ga=2.195888061.1952221793.1720032591-042139978.1699319655&_bdsid=c8f78m.n~XAGTE.1728859161898.1744259894&_bd_prev_page=https:/quickmerchantcapital.com/detail.php?077010439.htm HTTP/1.1" 404 13056 "https://quickmerchantcapital.com" "Mozilla/5.0 AppleWebKit/537.36 (KHTML, like Gecko; compatible; GPTBot/1.3; +https://openai.com/gptbot)"
74.7.227.39 - - [01/Mar/2026:07:51:39 -0500] "GET /_ga=2.194552301.1954491068.1722345898-084676066.1699936162&_bdsid=om0zjf.n~XEXTZ.1710900646572.1775774649&_bd_prev_page=https:/quickmerchantcapital.com/detail.php?237016197.htm HTTP/1.1" 404 13056 "https://quickmerchantcapital.com" "Mozilla/5.0 AppleWebKit/537.36 (KHTML, like Gecko; compatible; GPTBot/1.3; +https://openai.com/gptbot)"
74.7.227.39 - - [01/Mar/2026:07:51:42 -0500] "GET /_ga=2.199944654.1959778172.1722278264-129164011.1699247058&_bdsid=cvb8sx.n~WAVMZ.1786911036412.1797110692&_bd_prev_page=https:/quickmerchantcapital.com/detail.php?111022732.htm HTTP/1.1" 404 13056 "https://quickmerchantcapital.com" "Mozilla/5.0 AppleWebKit/537.36 (KHTML, like Gecko; compatible; GPTBot/1.3; +https://openai.com/gptbot)"
74.7.227.39 - - [01/Mar/2026:07:51:45 -0500] "GET /_ga=2.196042414.1952060704.1724643496-915129883.1699696730&_bdsid=anr1u5.n~UFVDV.1751990333812.1725513337&_bd_prev_page=https:/quickmerchantcapital.com/detail.php?221036874.htm HTTP/1.1" 404 13056 "https://quickmerchantcapital.com" "Mozilla/5.0 AppleWebKit/537.36 (KHTML, like Gecko; compatible; GPTBot/1.3; +https://openai.com/gptbot)"
74.7.227.39 - - [01/Mar/2026:07:51:48 -0500] "GET /_ga=2.190885938.1959945293.1721825174-956047569.1699978349&_bdsid=8sabz0.n~YZJNQ.1789604605797.1798168135&_bd_prev_page=https:/quickmerchantcapital.com/detail.php?025042425.htm HTTP/1.1" 404 13056 "https://quickmerchantcapital.com" "Mozilla/5.0 AppleWebKit/537.36 (KHTML, like Gecko; compatible; GPTBot/1.3; +https://openai.com/gptbot)"
74.7.227.39 - - [01/Mar/2026:07:51:54 -0500] "GET /_ga=2.190712903.1954651929.1724802723-652821354.1699890963&_bdsid=fu2fdm.n~SWUAQ.1723601130344.1793422949&_bd_prev_page=https:/quickmerchantcapital.com/detail.php?050006296.htm HTTP/1.1" 404 13056 "https://quickmerchantcapital.com" "Mozilla/5.0 AppleWebKit/537.36 (KHTML, like Gecko; compatible; GPTBot/1.3; +https://openai.com/gptbot)"
74.7.227.39 - - [01/Mar/2026:07:51:56 -0500] "GET /_ga=2.194671612.1959309086.1723181295-757948010.1699954328&_bdsid=tg871s.n~YMWXY.1762808579966.1749293655&_bd_prev_page=https:/quickmerchantcapital.com/detail.php?093008927.htm HTTP/1.1" 404 13056 "https://quickmerchantcapital.com" "Mozilla/5.0 AppleWebKit/537.36 (KHTML, like Gecko; compatible; GPTBot/1.3; +https://openai.com/gptbot)"
74.7.227.39 - - [01/Mar/2026:07:51:58 -0500] "GET /_ga=2.193210265.1959619577.1722761887-603886172.1699968805&_bdsid=j2rtgw.n~IQDJB.1705981291488.1784197490&_bd_prev_page=https:/quickmerchantcapital.com/detail.php?221044492.htm HTTP/1.1" 404 13056 "https://quickmerchantcapital.com" "Mozilla/5.0 AppleWebKit/537.36 (KHTML, like Gecko; compatible; GPTBot/1.3; +https://openai.com/gptbot)"
74.7.227.39 - - [01/Mar/2026:07:51:59 -0500] "GET /_ga=2.190300513.1955007352.1722241851-541861912.1699456752&_bdsid=vjbx0q.n~QSFGO.1776964202250.1798935455&_bd_prev_page=https:/quickmerchantcapital.com/detail.php?291014232.htm HTTP/1.1" 404 13056 "https://quickmerchantcapital.com" "Mozilla/5.0 AppleWebKit/537.36 (KHTML, like Gecko; compatible; GPTBot/1.3; +https://openai.com/gptbot)"
74.7.227.39 - - [01/Mar/2026:07:52:01 -0500] "GET /_ga=2.198689721.1956548272.1723760104-387071860.1699986809&_bdsid=ib1mk0.n~EYBTN.1790278209770.1763253602&_bd_prev_page=https:/quickmerchantcapital.com/detail.php?170015702.htm HTTP/1.1" 404 13056 "https://quickmerchantcapital.com" "Mozilla/5.0 AppleWebKit/537.36 (KHTML, like Gecko; compatible; GPTBot/1.3; +https://openai.com/gptbot)"
74.7.227.39 - - [01/Mar/2026:07:52:02 -0500] "GET /_ga=2.196818195.1958282491.1724140531-659846290.1699846973&_bdsid=12mqvd.n~PLNGA.1742186893265.1783292678&_bd_prev_page=https:/quickmerchantcapital.com/detail.php?044000859.htm HTTP/1.1" 404 13056 "https://quickmerchantcapital.com" "Mozilla/5.0 AppleWebKit/537.36 (KHTML, like Gecko; compatible; GPTBot/1.3; +https://openai.com/gptbot)"
74.7.227.39 - - [01/Mar/2026:07:52:04 -0500] "GET /_ga=2.191045623.1959348171.1724720904-270304610.1699507021&_bdsid=hp1cv1.n~GFCAQ.1741854137975.1709740836&_bd_prev_page=https:/quickmerchantcapital.com/detail.php?082000575.htm HTTP/1.1" 404 13056 "https://quickmerchantcapital.com" "Mozilla/5.0 AppleWebKit/537.36 (KHTML, like Gecko; compatible; GPTBot/1.3; +https://openai.com/gptbot)"
74.7.227.39 - - [01/Mar/2026:07:52:05 -0500] "GET /_ga=2.192211378.1955993077.1725579009-470330878.1699940043&_bdsid=6fhpie.n~TMTJF.1731626382770.1795057401&_bd_prev_page=https:/quickmerchantcapital.com/detail.php?193046198.htm HTTP/1.1" 404 13056 "https://quickmerchantcapital.com" "Mozilla/5.0 AppleWebKit/537.36 (KHTML, like Gecko; compatible; GPTBot/1.3; +https://openai.com/gptbot)"
74.7.227.39 - - [01/Mar/2026:07:51:46 -0500] "GET /_ga=2.198624262.1959151910.1722725299-480866263.1699767880&_bdsid=gbkii3.n~KGJNJ.1799890111116.1761697777&_bd_prev_page=https:/quickmerchantcapital.com/detail.php?290003285.htm HTTP/1.1" 404 13056 "https://quickmerchantcapital.com" "Mozilla/5.0 AppleWebKit/537.36 (KHTML, like Gecko; compatible; GPTBot/1.3; +https://openai.com/gptbot)"
74.7.227.39 - - [01/Mar/2026:07:51:49 -0500] "GET /_ga=2.191977033.1956330889.1729982205-910057150.1699844508&_bdsid=llpwrs.n~VHCGR.1736238237775.1719569500&_bd_prev_page=https:/quickmerchantcapital.com/detail.php?022045872.htm HTTP/1.1" 404 13091 "https://quickmerchantcapital.com" "Mozilla/5.0 AppleWebKit/537.36 (KHTML, like Gecko; compatible; GPTBot/1.3; +https://openai.com/gptbot)"
74.7.227.39 - - [01/Mar/2026:07:51:51 -0500] "GET /_ga=2.192221018.1951145408.1724050980-898718230.1699723928&_bdsid=tbwye6.n~HGGAC.1740521082754.1705830486&_bd_prev_page=https:/quickmerchantcapital.com/detail.php?084019605.htm HTTP/1.1" 404 13056 "https://quickmerchantcapital.com" "Mozilla/5.0 AppleWebKit/537.36 (KHTML, like Gecko; compatible; GPTBot/1.3; +https://openai.com/gptbot)"
74.7.227.39 - - [01/Mar/2026:07:51:53 -0500] "GET /_ga=2.190847490.1950121499.1726768447-853998786.1699961143&_bdsid=y45iiy.n~ZLSSU.1702421820691.1712165148&_bd_prev_page=https:/quickmerchantcapital.com/detail.php?202015412.htm HTTP/1.1" 404 13056 "https://quickmerchantcapital.com" "Mozilla/5.0 AppleWebKit/537.36 (KHTML, like Gecko; compatible; GPTBot/1.3; +https://openai.com/gptbot)"
198.54.115.67 - - [01/Mar/2026:07:51:59 -0500] "POST /wp-cron.php?doing_wp_cron=1772369519.6744570732116699218750 HTTP/1.1" 403 1242 "-" "WordPress/6.7.2; https://www.quickmerchantcapital.com"
74.7.227.39 - - [01/Mar/2026:07:52:07 -0500] "GET /_ga=2.198022748.1950112937.1725534619-437681796.1699954285&_bdsid=zuszrq.n~OVIIH.1758764761651.1709349323&_bd_prev_page=https:/quickmerchantcapital.com/detail.php?130049343.htm HTTP/1.1" 404 13056 "https://quickmerchantcapital.com" "Mozilla/5.0 AppleWebKit/537.36 (KHTML, like Gecko; compatible; GPTBot/1.3; +https://openai.com/gptbot)"
74.7.227.39 - - [01/Mar/2026:07:52:08 -0500] "GET /_ga=2.199337780.1955566427.1723995274-554137378.1699351929&_bdsid=r4iiex.n~MNSTO.1796968526400.1745418043&_bd_prev_page=https:/quickmerchantcapital.com/detail.php?224001459.htm HTTP/1.1" 404 13056 "https://quickmerchantcapital.com" "Mozilla/5.0 AppleWebKit/537.36 (KHTML, like Gecko; compatible; GPTBot/1.3; +https://openai.com/gptbot)"
74.7.227.39 - - [01/Mar/2026:07:52:10 -0500] "GET /_ga=2.198058298.1956907408.1722835865-627637792.1699987188&_bdsid=n74x7e.n~HAHLV.1712265970821.1799648701&_bd_prev_page=https:/quickmerchantcapital.com/detail.php?012023348.htm HTTP/1.1" 404 13056 "https://quickmerchantcapital.com" "Mozilla/5.0 AppleWebKit/537.36 (KHTML, like Gecko; compatible; GPTBot/1.3; +https://openai.com/gptbot)"
74.7.227.39 - - [01/Mar/2026:07:52:13 -0500] "GET /_ga=2.194663822.1950014665.1726149987-913384330.1699066216&_bdsid=23rxfd.n~ZISXN.1739005600047.1752268222&_bd_prev_page=https:/quickmerchantcapital.com/detail.php?066029982.htm HTTP/1.1" 404 13056 "https://quickmerchantcapital.com" "Mozilla/5.0 AppleWebKit/537.36 (KHTML, like Gecko; compatible; GPTBot/1.3; +https://openai.com/gptbot)"
74.7.227.39 - - [01/Mar/2026:07:52:16 -0500] "GET /_ga=2.194261052.1959461091.1729165762-071876287.1699904968&_bdsid=981zhn.n~XBPBL.1796439409220.1774304106&_bd_prev_page=https:/quickmerchantcapital.com/detail.php?147026726.htm HTTP/1.1" 404 13056 "https://quickmerchantcapital.com" "Mozilla/5.0 AppleWebKit/537.36 (KHTML, like Gecko; compatible; GPTBot/1.3; +https://openai.com/gptbot)"
74.7.227.39 - - [01/Mar/2026:07:52:26 -0500] "GET /_ga=2.199049099.1959519118.1726040014-929942879.1699611964&_bdsid=juduk5.n~IPIFV.1716548948105.1750419413&_bd_prev_page=https:/quickmerchantcapital.com/detail.php?188047772.htm HTTP/1.1" 404 13056 "https://quickmerchantcapital.com" "Mozilla/5.0 AppleWebKit/537.36 (KHTML, like Gecko; compatible; GPTBot/1.3; +https://openai.com/gptbot)"
74.7.227.39 - - [01/Mar/2026:07:52:12 -0500] "GET /_ga=2.196198495.1950187159.1727857317-216946434.1699904808&_bdsid=rhltyl.n~FFKIM.1780858563161.1797070241&_bd_prev_page=https:/quickmerchantcapital.com/detail.php?265040578.htm HTTP/1.1" 404 13056 "https://quickmerchantcapital.com" "Mozilla/5.0 AppleWebKit/537.36 (KHTML, like Gecko; compatible; GPTBot/1.3; +https://openai.com/gptbot)"
74.7.227.39 - - [01/Mar/2026:07:52:15 -0500] "GET /_ga=2.190702033.1952565112.1721713393-815505888.1699833432&_bdsid=o2m2dp.n~YTBNB.1751222473648.1791112605&_bd_prev_page=https:/quickmerchantcapital.com/detail.php?295039815.htm HTTP/1.1" 404 13056 "https://quickmerchantcapital.com" "Mozilla/5.0 AppleWebKit/537.36 (KHTML, like Gecko; compatible; GPTBot/1.3; +https://openai.com/gptbot)"
74.7.227.39 - - [01/Mar/2026:07:52:18 -0500] "GET /_ga=2.195557284.1953360485.1725042860-309523177.1699369785&_bdsid=ppazab.n~PDBMP.1729544412420.1707666156&_bd_prev_page=https:/quickmerchantcapital.com/detail.php?133022889.htm HTTP/1.1" 404 13056 "https://quickmerchantcapital.com" "Mozilla/5.0 AppleWebKit/537.36 (KHTML, like Gecko; compatible; GPTBot/1.3; +https://openai.com/gptbot)"
74.7.227.39 - - [01/Mar/2026:07:52:20 -0500] "GET /_ga=2.196908677.1954609110.1722950091-645563948.1699966214&_bdsid=vht0tk.n~ZDLYP.1797435183082.1741250627&_bd_prev_page=https:/quickmerchantcapital.com/detail.php?095029983.htm HTTP/1.1" 404 13056 "https://quickmerchantcapital.com" "Mozilla/5.0 AppleWebKit/537.36 (KHTML, like Gecko; compatible; GPTBot/1.3; +https://openai.com/gptbot)"
74.7.227.39 - - [01/Mar/2026:07:52:21 -0500] "GET /_ga=2.190584797.1955230601.1725082876-953548377.1699959815&_bdsid=0ufnm5.n~WLWYV.1797644802951.1718997632&_bd_prev_page=https:/quickmerchantcapital.com/detail.php?019019418.htm HTTP/1.1" 404 13056 "https://quickmerchantcapital.com" "Mozilla/5.0 AppleWebKit/537.36 (KHTML, like Gecko; compatible; GPTBot/1.3; +https://openai.com/gptbot)"
74.7.227.39 - - [01/Mar/2026:07:52:23 -0500] "GET /_ga=2.199925841.1953497025.1726204398-346158527.1699862353&_bdsid=pbu9y5.n~GCIUF.1750528468103.1773128026&_bd_prev_page=https:/quickmerchantcapital.com/detail.php?134041523.htm HTTP/1.1" 404 13056 "https://quickmerchantcapital.com" "Mozilla/5.0 AppleWebKit/537.36 (KHTML, like Gecko; compatible; GPTBot/1.3; +https://openai.com/gptbot)"
74.7.227.39 - - [01/Mar/2026:07:52:24 -0500] "GET /_ga=2.193149630.1958743565.1726301418-019597438.1699823249&_bdsid=hnr03u.n~DLAUN.1725863100096.1712490777&_bd_prev_page=https:/quickmerchantcapital.com/detail.php?191020663.htm HTTP/1.1" 404 13056 "https://quickmerchantcapital.com" "Mozilla/5.0 AppleWebKit/537.36 (KHTML, like Gecko; compatible; GPTBot/1.3; +https://openai.com/gptbot)"
74.7.227.39 - - [01/Mar/2026:07:52:30 -0500] "GET /_ga=2.191952163.1959605218.1724075367-204370237.1699867983&_bdsid=ofs1z8.n~FEZSU.1793269609777.1729454356&_bd_prev_page=https:/quickmerchantcapital.com/detail.php?140040413.htm HTTP/1.1" 404 13056 "https://quickmerchantcapital.com" "Mozilla/5.0 AppleWebKit/537.36 (KHTML, like Gecko; compatible; GPTBot/1.3; +https://openai.com/gptbot)"
74.7.227.39 - - [01/Mar/2026:07:52:32 -0500] "GET /_ga=2.194290051.1959255879.1728009263-330516944.1699802194&_bdsid=0g4bu7.n~MMPKH.1795200070150.1708555156&_bd_prev_page=https:/quickmerchantcapital.com/detail.php?231006880.htm HTTP/1.1" 404 13056 "https://quickmerchantcapital.com" "Mozilla/5.0 AppleWebKit/537.36 (KHTML, like Gecko; compatible; GPTBot/1.3; +https://openai.com/gptbot)"
20.89.52.173 - - [01/Mar/2026:07:52:32 -0500] "GET /about.php HTTP/1.1" 301 0 "-" "Mozilla/5.0 (Windows NT 10.0; Win64; x64) AppleWebKit/537.36 (KHTML, like Gecko) Chrome/120.0.0.0 Safari/537.36"
20.89.52.173 - - [01/Mar/2026:07:52:33 -0500] "GET /goods.php HTTP/1.1" 301 0 "-" "Mozilla/5.0 (Windows NT 10.0; Win64; x64) AppleWebKit/537.36 (KHTML, like Gecko) Chrome/120.0.0.0 Safari/537.36"
20.89.52.173 - - [01/Mar/2026:07:52:33 -0500] "GET /ioxi-o.php HTTP/1.1" 301 0 "-" "Mozilla/5.0 (Windows NT 10.0; Win64; x64) AppleWebKit/537.36 (KHTML, like Gecko) Chrome/120.0.0.0 Safari/537.36"
74.7.227.39 - - [01/Mar/2026:07:52:27 -0500] "GET /_ga=2.192976450.1957049582.1722514392-829130014.1699956833&_bdsid=inrxgi.n~SPAMY.1770092056379.1744574681&_bd_prev_page=https:/quickmerchantcapital.com/detail.php?037001100.htm HTTP/1.1" 404 13056 "https://quickmerchantcapital.com" "Mozilla/5.0 AppleWebKit/537.36 (KHTML, like Gecko; compatible; GPTBot/1.3; +https://openai.com/gptbot)"
74.7.227.39 - - [01/Mar/2026:07:52:29 -0500] "GET /_ga=2.193804944.1955928225.1724707727-181131403.1699822426&_bdsid=9dop6t.n~IPQKY.1716341796048.1784032689&_bd_prev_page=https:/quickmerchantcapital.com/detail.php?111002777.htm HTTP/1.1" 404 13056 "https://quickmerchantcapital.com" "Mozilla/5.0 AppleWebKit/537.36 (KHTML, like Gecko; compatible; GPTBot/1.3; +https://openai.com/gptbot)"
20.89.52.173 - - [01/Mar/2026:07:52:32 -0500] "GET /wp-trackback.php HTTP/1.1" 403 1242 "-" "Mozilla/5.0 (Windows NT 10.0; Win64; x64) AppleWebKit/537.36 (KHTML, like Gecko) Chrome/120.0.0.0 Safari/537.36"
20.89.52.173 - - [01/Mar/2026:07:52:32 -0500] "GET /file.php HTTP/1.1" 301 0 "-" "Mozilla/5.0 (Windows NT 10.0; Win64; x64) AppleWebKit/537.36 (KHTML, like Gecko) Chrome/120.0.0.0 Safari/537.36"
20.89.52.173 - - [01/Mar/2026:07:52:33 -0500] "GET /wp-good.php HTTP/1.1" 301 0 "-" "Mozilla/5.0 (Windows NT 10.0; Win64; x64) AppleWebKit/537.36 (KHTML, like Gecko) Chrome/120.0.0.0 Safari/537.36"
20.89.52.173 - - [01/Mar/2026:07:52:33 -0500] "GET /class-t.api.php HTTP/1.1" 301 0 "-" "Mozilla/5.0 (Windows NT 10.0; Win64; x64) AppleWebKit/537.36 (KHTML, like Gecko) Chrome/120.0.0.0 Safari/537.36"
20.89.52.173 - - [01/Mar/2026:07:52:33 -0500] "GET /admin.php HTTP/1.1" 301 0 "-" "Mozilla/5.0 (Windows NT 10.0; Win64; x64) AppleWebKit/537.36 (KHTML, like Gecko) Chrome/120.0.0.0 Safari/537.36"
20.89.52.173 - - [01/Mar/2026:07:52:34 -0500] "GET /sf.php HTTP/1.1" 301 0 "-" "Mozilla/5.0 (Windows NT 10.0; Win64; x64) AppleWebKit/537.36 (KHTML, like Gecko) Chrome/120.0.0.0 Safari/537.36"
20.89.52.173 - - [01/Mar/2026:07:52:34 -0500] "GET /autoload_classmap.php HTTP/1.1" 301 0 "-" "Mozilla/5.0 (Windows NT 10.0; Win64; x64) AppleWebKit/537.36 (KHTML, like Gecko) Chrome/120.0.0.0 Safari/537.36"
20.89.52.173 - - [01/Mar/2026:07:52:34 -0500] "GET /chosen.php?p= HTTP/1.1" 301 0 "-" "Mozilla/5.0 (Windows NT 10.0; Win64; x64) AppleWebKit/537.36 (KHTML, like Gecko) Chrome/120.0.0.0 Safari/537.36"
20.89.52.173 - - [01/Mar/2026:07:52:35 -0500] "GET /classwithtostring.php HTTP/1.1" 301 0 "-" "Mozilla/5.0 (Windows NT 10.0; Win64; x64) AppleWebKit/537.36 (KHTML, like Gecko) Chrome/120.0.0.0 Safari/537.36"
20.89.52.173 - - [01/Mar/2026:07:52:35 -0500] "GET /wk/index.php HTTP/1.1" 301 0 "-" "Mozilla/5.0 (Windows NT 10.0; Win64; x64) AppleWebKit/537.36 (KHTML, like Gecko) Chrome/120.0.0.0 Safari/537.36"
20.89.52.173 - - [01/Mar/2026:07:52:36 -0500] "GET /info.php HTTP/1.1" 301 0 "-" "Mozilla/5.0 (Windows NT 10.0; Win64; x64) AppleWebKit/537.36 (KHTML, like Gecko) Chrome/120.0.0.0 Safari/537.36"
20.89.52.173 - - [01/Mar/2026:07:52:36 -0500] "GET /uploads/ HTTP/1.1" 301 0 "-" "Mozilla/5.0 (Windows NT 10.0; Win64; x64) AppleWebKit/537.36 (KHTML, like Gecko) Chrome/120.0.0.0 Safari/537.36"
20.89.52.173 - - [01/Mar/2026:07:52:37 -0500] "GET /wp-includes/html-api/ HTTP/1.1" 200 1417 "-" "Mozilla/5.0 (Windows NT 10.0; Win64; x64) AppleWebKit/537.36 (KHTML, like Gecko) Chrome/120.0.0.0 Safari/537.36"
20.89.52.173 - - [01/Mar/2026:07:52:37 -0500] "GET /adminfuns.php HTTP/1.1" 301 0 "-" "Mozilla/5.0 (Windows NT 10.0; Win64; x64) AppleWebKit/537.36 (KHTML, like Gecko) Chrome/120.0.0.0 Safari/537.36"
74.7.227.39 - - [01/Mar/2026:07:52:37 -0500] "GET /_ga=2.191109792.1951520295.1727484675-939687650.1699493273&_bdsid=n2a2yf.n~PFEUL.1775846806558.1748508204&_bd_prev_page=https:/quickmerchantcapital.com/detail.php?204036555.htm HTTP/1.1" 404 13056 "https://quickmerchantcapital.com" "Mozilla/5.0 AppleWebKit/537.36 (KHTML, like Gecko; compatible; GPTBot/1.3; +https://openai.com/gptbot)"
74.7.227.39 - - [01/Mar/2026:07:52:34 -0500] "GET /_ga=2.193806985.1955298567.1723470618-750189447.1699917246&_bdsid=x0wfvq.n~OZTCR.1730772259117.1798877125&_bd_prev_page=https:/quickmerchantcapital.com/detail.php?092005528.htm HTTP/1.1" 404 13056 "https://quickmerchantcapital.com" "Mozilla/5.0 AppleWebKit/537.36 (KHTML, like Gecko; compatible; GPTBot/1.3; +https://openai.com/gptbot)"
20.89.52.173 - - [01/Mar/2026:07:52:34 -0500] "GET /rip.php HTTP/1.1" 301 0 "-" "Mozilla/5.0 (Windows NT 10.0; Win64; x64) AppleWebKit/537.36 (KHTML, like Gecko) Chrome/120.0.0.0 Safari/537.36"
20.89.52.173 - - [01/Mar/2026:07:52:35 -0500] "GET /defaults.php HTTP/1.1" 301 0 "-" "Mozilla/5.0 (Windows NT 10.0; Win64; x64) AppleWebKit/537.36 (KHTML, like Gecko) Chrome/120.0.0.0 Safari/537.36"
20.89.52.173 - - [01/Mar/2026:07:52:35 -0500] "GET /index/function.php HTTP/1.1" 301 0 "-" "Mozilla/5.0 (Windows NT 10.0; Win64; x64) AppleWebKit/537.36 (KHTML, like Gecko) Chrome/120.0.0.0 Safari/537.36"
20.89.52.173 - - [01/Mar/2026:07:52:35 -0500] "GET /wp-includes/ HTTP/1.1" 200 9166 "-" "Mozilla/5.0 (Windows NT 10.0; Win64; x64) AppleWebKit/537.36 (KHTML, like Gecko) Chrome/120.0.0.0 Safari/537.36"
74.7.227.39 - - [01/Mar/2026:07:52:35 -0500] "GET /_ga=2.196418030.1954625159.1720148473-623285381.1699969546&_bdsid=fb2lqi.n~HXLRE.1789587823907.1742606784&_bd_prev_page=https:/quickmerchantcapital.com/detail.php?232036965.htm HTTP/1.1" 404 13056 "https://quickmerchantcapital.com" "Mozilla/5.0 AppleWebKit/537.36 (KHTML, like Gecko; compatible; GPTBot/1.3; +https://openai.com/gptbot)"
20.89.52.173 - - [01/Mar/2026:07:52:36 -0500] "GET /.well-known/ HTTP/1.1" 200 618 "-" "Mozilla/5.0 (Windows NT 10.0; Win64; x64) AppleWebKit/537.36 (KHTML, like Gecko) Chrome/120.0.0.0 Safari/537.36"
20.89.52.173 - - [01/Mar/2026:07:52:36 -0500] "GET /cgi-bin/ HTTP/1.1" 403 1242 "-" "Mozilla/5.0 (Windows NT 10.0; Win64; x64) AppleWebKit/537.36 (KHTML, like Gecko) Chrome/120.0.0.0 Safari/537.36"
20.89.52.173 - - [01/Mar/2026:07:52:36 -0500] "GET /wp-admin/images/ HTTP/1.1" 200 2765 "-" "Mozilla/5.0 (Windows NT 10.0; Win64; x64) AppleWebKit/537.36 (KHTML, like Gecko) Chrome/120.0.0.0 Safari/537.36"
20.89.52.173 - - [01/Mar/2026:07:52:36 -0500] "GET /wp-includes/Requests/src/Response/about.php HTTP/1.1" 301 0 "-" "Mozilla/5.0 (Windows NT 10.0; Win64; x64) AppleWebKit/537.36 (KHTML, like Gecko) Chrome/120.0.0.0 Safari/537.36"
20.89.52.173 - - [01/Mar/2026:07:52:37 -0500] "GET /wp-content/admin.php HTTP/1.1" 301 0 "-" "Mozilla/5.0 (Windows NT 10.0; Win64; x64) AppleWebKit/537.36 (KHTML, like Gecko) Chrome/120.0.0.0 Safari/537.36"
20.89.52.173 - - [01/Mar/2026:07:52:37 -0500] "GET /wp-admin/css/colors/ectoplasm/ HTTP/1.1" 200 712 "-" "Mozilla/5.0 (Windows NT 10.0; Win64; x64) AppleWebKit/537.36 (KHTML, like Gecko) Chrome/120.0.0.0 Safari/537.36"
20.89.52.173 - - [01/Mar/2026:07:52:37 -0500] "GET /wp-content/themes/admin.php HTTP/1.1" 301 0 "-" "Mozilla/5.0 (Windows NT 10.0; Win64; x64) AppleWebKit/537.36 (KHTML, like Gecko) Chrome/120.0.0.0 Safari/537.36"
20.89.52.173 - - [01/Mar/2026:07:52:37 -0500] "GET /wp-content/themes/index.php HTTP/1.1" 200 0 "-" "Mozilla/5.0 (Windows NT 10.0; Win64; x64) AppleWebKit/537.36 (KHTML, like Gecko) Chrome/120.0.0.0 Safari/537.36"
20.89.52.173 - - [01/Mar/2026:07:52:38 -0500] "GET /wp-content/plugins/index.php HTTP/1.1" 200 0 "-" "Mozilla/5.0 (Windows NT 10.0; Win64; x64) AppleWebKit/537.36 (KHTML, like Gecko) Chrome/120.0.0.0 Safari/537.36"
20.89.52.173 - - [01/Mar/2026:07:52:38 -0500] "GET /wp-includes/images/ HTTP/1.1" 200 1662 "-" "Mozilla/5.0 (Windows NT 10.0; Win64; x64) AppleWebKit/537.36 (KHTML, like Gecko) Chrome/120.0.0.0 Safari/537.36"
20.89.52.173 - - [01/Mar/2026:07:52:38 -0500] "GET /wp-content/plugins/WordPressCore/ HTTP/1.1" 301 0 "-" "Mozilla/5.0 (Windows NT 10.0; Win64; x64) AppleWebKit/537.36 (KHTML, like Gecko) Chrome/120.0.0.0 Safari/537.36"
74.7.227.39 - - [01/Mar/2026:07:52:40 -0500] "GET /_ga=2.199915039.1959103599.1725781664-039114320.1699348813&_bdsid=0oijem.n~IHOGI.1795412408359.1706786415&_bd_prev_page=https:/quickmerchantcapital.com/detail.php?129028013.htm HTTP/1.1" 404 13056 "https://quickmerchantcapital.com" "Mozilla/5.0 AppleWebKit/537.36 (KHTML, like Gecko; compatible; GPTBot/1.3; +https://openai.com/gptbot)"
74.7.227.39 - - [01/Mar/2026:07:52:42 -0500] "GET /_ga=2.197370882.1956418821.1720766971-244821149.1699447088&_bdsid=cssb46.n~GEFUA.1783316419602.1722409410&_bd_prev_page=https:/quickmerchantcapital.com/detail.php?222005775.htm HTTP/1.1" 404 13056 "https://quickmerchantcapital.com" "Mozilla/5.0 AppleWebKit/537.36 (KHTML, like Gecko; compatible; GPTBot/1.3; +https://openai.com/gptbot)"
74.7.227.39 - - [01/Mar/2026:07:52:45 -0500] "GET /_ga=2.199385842.1959343258.1729495600-768100673.1699463114&_bdsid=eckkda.n~BDCBM.1799436800430.1751328441&_bd_prev_page=https:/quickmerchantcapital.com/detail.php?080003373.htm HTTP/1.1" 404 13056 "https://quickmerchantcapital.com" "Mozilla/5.0 AppleWebKit/537.36 (KHTML, like Gecko; compatible; GPTBot/1.3; +https://openai.com/gptbot)"
74.7.227.39 - - [01/Mar/2026:07:52:46 -0500] "GET /_ga=2.192292078.1958380457.1724512960-709183924.1699906430&_bdsid=62nt4v.n~NASIF.1732915569793.1721433715&_bd_prev_page=https:/quickmerchantcapital.com/detail.php?169025853.htm HTTP/1.1" 404 13056 "https://quickmerchantcapital.com" "Mozilla/5.0 AppleWebKit/537.36 (KHTML, like Gecko; compatible; GPTBot/1.3; +https://openai.com/gptbot)"
216.73.216.159 - - [01/Mar/2026:07:52:49 -0500] "GET / HTTP/1.1" 301 0 "-" "Mozilla/5.0 AppleWebKit/537.36 (KHTML, like Gecko; compatible; ClaudeBot/1.0; +claudebot@anthropic.com)"
216.73.216.159 - - [01/Mar/2026:07:52:49 -0500] "GET / HTTP/1.1" 200 18875 "https://quickmerchantcapital.com/" "Mozilla/5.0 AppleWebKit/537.36 (KHTML, like Gecko; compatible; ClaudeBot/1.0; +claudebot@anthropic.com)"
74.7.227.39 - - [01/Mar/2026:07:52:51 -0500] "GET /_ga=2.195465938.1959428011.1727814997-069773969.1699987728&_bdsid=fb9ekb.n~QSRAY.1742909076292.1716969401&_bd_prev_page=https:/quickmerchantcapital.com/detail.php?026022747.htm HTTP/1.1" 404 13056 "https://quickmerchantcapital.com" "Mozilla/5.0 AppleWebKit/537.36 (KHTML, like Gecko; compatible; GPTBot/1.3; +https://openai.com/gptbot)"
74.7.227.39 - - [01/Mar/2026:07:52:54 -0500] "GET /_ga=2.195890081.1953899343.1726441712-338587428.1699963674&_bdsid=wigg9j.n~TNNUD.1721742920991.1741750590&_bd_prev_page=https:/quickmerchantcapital.com/detail.php?008021368.htm HTTP/1.1" 404 13056 "https://quickmerchantcapital.com" "Mozilla/5.0 AppleWebKit/537.36 (KHTML, like Gecko; compatible; GPTBot/1.3; +https://openai.com/gptbot)"
74.7.227.39 - - [01/Mar/2026:07:52:57 -0500] "GET /_ga=2.196884994.1954479977.1724122118-511559394.1699664408&_bdsid=ziwda0.n~NEKJL.1791012479314.1761670435&_bd_prev_page=https:/quickmerchantcapital.com/detail.php?222009204.htm HTTP/1.1" 404 13056 "https://quickmerchantcapital.com" "Mozilla/5.0 AppleWebKit/537.36 (KHTML, like Gecko; compatible; GPTBot/1.3; +https://openai.com/gptbot)"
74.7.227.39 - - [01/Mar/2026:07:52:59 -0500] "GET /_ga=2.196626146.1959297696.1729145158-796763595.1699957542&_bdsid=t86d3j.n~YGUNT.1706323544750.1741712558&_bd_prev_page=https:/quickmerchantcapital.com/detail.php?086036327.htm HTTP/1.1" 404 13056 "https://quickmerchantcapital.com" "Mozilla/5.0 AppleWebKit/537.36 (KHTML, like Gecko; compatible; GPTBot/1.3; +https://openai.com/gptbot)"
74.7.227.39 - - [01/Mar/2026:07:53:00 -0500] "GET /_ga=2.194761071.1950231039.1729036046-379389483.1699936432&_bdsid=tacocb.n~KTNZU.1718914423373.1792400766&_bd_prev_page=https:/quickmerchantcapital.com/detail.php?030008247.htm HTTP/1.1" 404 13056 "https://quickmerchantcapital.com" "Mozilla/5.0 AppleWebKit/537.36 (KHTML, like Gecko; compatible; GPTBot/1.3; +https://openai.com/gptbot)"
20.89.52.173 - - [01/Mar/2026:07:52:37 -0500] "GET /wp-content/uploads/ HTTP/1.1" 200 1056 "-" "Mozilla/5.0 (Windows NT 10.0; Win64; x64) AppleWebKit/537.36 (KHTML, like Gecko) Chrome/120.0.0.0 Safari/537.36"
20.89.52.173 - - [01/Mar/2026:07:52:38 -0500] "GET /wp-includes/PHPMailer/ HTTP/1.1" 200 690 "-" "Mozilla/5.0 (Windows NT 10.0; Win64; x64) AppleWebKit/537.36 (KHTML, like Gecko) Chrome/120.0.0.0 Safari/537.36"
74.7.227.39 - - [01/Mar/2026:07:52:38 -0500] "GET /_ga=2.199981020.1957840301.1722378747-682858296.1699464146&_bdsid=jkni4w.n~VWCEE.1758907927877.1749329124&_bd_prev_page=https:/quickmerchantcapital.com/detail.php?283024105.htm HTTP/1.1" 404 13056 "https://quickmerchantcapital.com" "Mozilla/5.0 AppleWebKit/537.36 (KHTML, like Gecko; compatible; GPTBot/1.3; +https://openai.com/gptbot)"
74.7.227.39 - - [01/Mar/2026:07:52:43 -0500] "GET /_ga=2.191404047.1952525275.1727979572-282481970.1699108127&_bdsid=hrdxem.n~KKCCV.1772015983096.1792087312&_bd_prev_page=https:/quickmerchantcapital.com/detail.php?111031560.htm HTTP/1.1" 404 13056 "https://quickmerchantcapital.com" "Mozilla/5.0 AppleWebKit/537.36 (KHTML, like Gecko; compatible; GPTBot/1.3; +https://openai.com/gptbot)"
74.7.227.39 - - [01/Mar/2026:07:52:48 -0500] "GET /_ga=2.195198110.1959349916.1721300984-377860797.1699991589&_bdsid=mztkme.n~GMYNX.1789626806033.1703534737&_bd_prev_page=https:/quickmerchantcapital.com/detail.php?202022735.htm HTTP/1.1" 404 13056 "https://quickmerchantcapital.com" "Mozilla/5.0 AppleWebKit/537.36 (KHTML, like Gecko; compatible; GPTBot/1.3; +https://openai.com/gptbot)"
74.7.227.39 - - [01/Mar/2026:07:52:49 -0500] "GET /_ga=2.192866465.1959552572.1728868969-262060017.1699972922&_bdsid=aff1k8.n~FWMSE.1792236746371.1722346843&_bd_prev_page=https:/quickmerchantcapital.com/detail.php?047023212.htm HTTP/1.1" 404 13056 "https://quickmerchantcapital.com" "Mozilla/5.0 AppleWebKit/537.36 (KHTML, like Gecko; compatible; GPTBot/1.3; +https://openai.com/gptbot)"
74.7.227.39 - - [01/Mar/2026:07:52:53 -0500] "GET /_ga=2.199337040.1958831411.1724367660-931330538.1699949963&_bdsid=jg8k1p.n~ZJDZA.1779671687973.1709829180&_bd_prev_page=https:/quickmerchantcapital.com/detail.php?233025974.htm HTTP/1.1" 404 13056 "https://quickmerchantcapital.com" "Mozilla/5.0 AppleWebKit/537.36 (KHTML, like Gecko; compatible; GPTBot/1.3; +https://openai.com/gptbot)"
74.7.227.39 - - [01/Mar/2026:07:52:56 -0500] "GET /_ga=2.197603561.1951097166.1725937001-165880994.1699960014&_bdsid=gy14fk.n~QBMRD.1708669623611.1726616896&_bd_prev_page=https:/quickmerchantcapital.com/detail.php?015040435.htm HTTP/1.1" 404 13056 "https://quickmerchantcapital.com" "Mozilla/5.0 AppleWebKit/537.36 (KHTML, like Gecko; compatible; GPTBot/1.3; +https://openai.com/gptbot)"
198.54.115.67 - - [01/Mar/2026:07:53:01 -0500] "POST /wp-cron.php?doing_wp_cron=1772369580.9995260238647460937500 HTTP/1.1" 403 1242 "-" "WordPress/6.7.2; https://www.quickmerchantcapital.com"
74.7.227.39 - - [01/Mar/2026:07:53:11 -0500] "GET /_ga=2.191875973.1956872808.1728678086-102821386.1699740412&_bdsid=dm1k2a.n~SNJOC.1746091108397.1729500918&_bd_prev_page=https:/quickmerchantcapital.com/detail.php?300029772.htm HTTP/1.1" 404 13056 "https://quickmerchantcapital.com" "Mozilla/5.0 AppleWebKit/537.36 (KHTML, like Gecko; compatible; GPTBot/1.3; +https://openai.com/gptbot)"
74.7.227.39 - - [01/Mar/2026:07:53:15 -0500] "GET /_ga=2.191452696.1959714240.1727012165-673745152.1699979456&_bdsid=rqdu0y.n~JNAZI.1738681449524.1703052274&_bd_prev_page=https:/quickmerchantcapital.com/detail.php?095003134.htm HTTP/1.1" 404 13056 "https://quickmerchantcapital.com" "Mozilla/5.0 AppleWebKit/537.36 (KHTML, like Gecko; compatible; GPTBot/1.3; +https://openai.com/gptbot)"
157.230.36.12 - - [01/Mar/2026:07:53:15 -0500] "GET /%20wp-login.php HTTP/1.1" 301 0 "-" "Mozila/5.0"
157.230.36.12 - - [01/Mar/2026:07:53:15 -0500] "GET /%20wp-login.php HTTP/1.1" 404 14999 "-" "Mozila/5.0"
74.7.227.39 - - [01/Mar/2026:07:53:02 -0500] "GET /_ga=2.194172095.1958412302.1724315812-253756365.1699045094&_bdsid=5tleyq.n~PNBVP.1712021815824.1718145495&_bd_prev_page=https:/quickmerchantcapital.com/detail.php?081011197.htm HTTP/1.1" 404 13056 "https://quickmerchantcapital.com" "Mozilla/5.0 AppleWebKit/537.36 (KHTML, like Gecko; compatible; GPTBot/1.3; +https://openai.com/gptbot)"
74.7.227.39 - - [01/Mar/2026:07:53:04 -0500] "GET /_ga=2.199243323.1956755655.1723774776-993991703.1699626619&_bdsid=n5av7k.n~EHYCK.1763109091024.1771484814&_bd_prev_page=https:/quickmerchantcapital.com/detail.php?264007772.htm HTTP/1.1" 404 13056 "https://quickmerchantcapital.com" "Mozilla/5.0 AppleWebKit/537.36 (KHTML, like Gecko; compatible; GPTBot/1.3; +https://openai.com/gptbot)"
74.7.227.39 - - [01/Mar/2026:07:53:05 -0500] "GET /_ga=2.190601388.1959256335.1721532252-548858165.1699988086&_bdsid=srt57t.n~JZXLM.1771537856982.1775418590&_bd_prev_page=https:/quickmerchantcapital.com/detail.php?128031187.htm HTTP/1.1" 404 13056 "https://quickmerchantcapital.com" "Mozilla/5.0 AppleWebKit/537.36 (KHTML, like Gecko; compatible; GPTBot/1.3; +https://openai.com/gptbot)"
74.7.227.39 - - [01/Mar/2026:07:53:07 -0500] "GET /_ga=2.195219853.1959067249.1720124737-314070620.1699957176&_bdsid=owa7np.n~KHUMO.1798578068511.1717019317&_bd_prev_page=https:/quickmerchantcapital.com/detail.php?200029974.htm HTTP/1.1" 404 13056 "https://quickmerchantcapital.com" "Mozilla/5.0 AppleWebKit/537.36 (KHTML, like Gecko; compatible; GPTBot/1.3; +https://openai.com/gptbot)"
74.7.227.39 - - [01/Mar/2026:07:53:08 -0500] "GET /_ga=2.193221634.1959947085.1729876533-207166196.1699276886&_bdsid=8qvn44.n~ZETNK.1722302000779.1705303339&_bd_prev_page=https:/quickmerchantcapital.com/detail.php?213017604.htm HTTP/1.1" 404 13056 "https://quickmerchantcapital.com" "Mozilla/5.0 AppleWebKit/537.36 (KHTML, like Gecko; compatible; GPTBot/1.3; +https://openai.com/gptbot)"
74.7.227.39 - - [01/Mar/2026:07:53:10 -0500] "GET /_ga=2.193031827.1953247956.1722984109-254162926.1699946582&_bdsid=gi3rb4.n~ZWHGM.1742124986377.1793917258&_bd_prev_page=https:/quickmerchantcapital.com/detail.php?154042374.htm HTTP/1.1" 404 13056 "https://quickmerchantcapital.com" "Mozilla/5.0 AppleWebKit/537.36 (KHTML, like Gecko; compatible; GPTBot/1.3; +https://openai.com/gptbot)"
74.7.227.39 - - [01/Mar/2026:07:53:13 -0500] "GET /_ga=2.191136143.1951861781.1720632039-079473707.1699596525&_bdsid=y3dvxc.n~DJFQY.1797969974494.1771011722&_bd_prev_page=https:/quickmerchantcapital.com/detail.php?243033326.htm HTTP/1.1" 404 13056 "https://quickmerchantcapital.com" "Mozilla/5.0 AppleWebKit/537.36 (KHTML, like Gecko; compatible; GPTBot/1.3; +https://openai.com/gptbot)"
74.7.227.39 - - [01/Mar/2026:07:53:16 -0500] "GET /_ga=2.197751811.1954568667.1724505524-272258161.1699977465&_bdsid=ju2qtw.n~ZNTJU.1778303221169.1764349900&_bd_prev_page=https:/quickmerchantcapital.com/detail.php?233037341.htm HTTP/1.1" 404 13056 "https://quickmerchantcapital.com" "Mozilla/5.0 AppleWebKit/537.36 (KHTML, like Gecko; compatible; GPTBot/1.3; +https://openai.com/gptbot)"
74.7.227.39 - - [01/Mar/2026:07:53:21 -0500] "GET /_ga=2.190777172.1956662671.1726626146-929769631.1699914515&_bdsid=zfy36c.n~EILIF.1769684547339.1731946407&_bd_prev_page=https:/quickmerchantcapital.com/detail.php?288036123.htm HTTP/1.1" 404 13056 "https://quickmerchantcapital.com" "Mozilla/5.0 AppleWebKit/537.36 (KHTML, like Gecko; compatible; GPTBot/1.3; +https://openai.com/gptbot)"
74.7.227.39 - - [01/Mar/2026:07:53:22 -0500] "GET /_ga=2.199047398.1955708612.1724709284-643509579.1699981321&_bdsid=eov5bs.n~HFUXB.1760380867514.1726929308&_bd_prev_page=https:/quickmerchantcapital.com/detail.php?026011854.htm HTTP/1.1" 404 13056 "https://quickmerchantcapital.com" "Mozilla/5.0 AppleWebKit/537.36 (KHTML, like Gecko; compatible; GPTBot/1.3; +https://openai.com/gptbot)"
74.7.227.39 - - [01/Mar/2026:07:53:24 -0500] "GET /_ga=2.192394383.1959839290.1727586825-458594891.1699929182&_bdsid=shdpdt.n~ADJYM.1757456477607.1779489778&_bd_prev_page=https:/quickmerchantcapital.com/detail.php?149011943.htm HTTP/1.1" 404 13056 "https://quickmerchantcapital.com" "Mozilla/5.0 AppleWebKit/537.36 (KHTML, like Gecko; compatible; GPTBot/1.3; +https://openai.com/gptbot)"
74.7.227.39 - - [01/Mar/2026:07:53:27 -0500] "GET /_ga=2.199912617.1954861829.1728538942-182954452.1699849133&_bdsid=qr3jhf.n~IBYWA.1748842658951.1799812397&_bd_prev_page=https:/quickmerchantcapital.com/detail.php?221006700.htm HTTP/1.1" 404 13056 "https://quickmerchantcapital.com" "Mozilla/5.0 AppleWebKit/537.36 (KHTML, like Gecko; compatible; GPTBot/1.3; +https://openai.com/gptbot)"
74.7.227.39 - - [01/Mar/2026:07:53:29 -0500] "GET /_ga=2.190713030.1955309099.1724282888-161666041.1699393332&_bdsid=trs4lb.n~USEEV.1733475101424.1714530804&_bd_prev_page=https:/quickmerchantcapital.com/detail.php?244042854.htm HTTP/1.1" 404 13056 "https://quickmerchantcapital.com" "Mozilla/5.0 AppleWebKit/537.36 (KHTML, like Gecko; compatible; GPTBot/1.3; +https://openai.com/gptbot)"
74.7.227.39 - - [01/Mar/2026:07:53:32 -0500] "GET /_ga=2.190432428.1954614175.1725090426-282475955.1699174235&_bdsid=wiz8gt.n~WUKON.1704944965777.1796996387&_bd_prev_page=https:/quickmerchantcapital.com/detail.php?151033244.htm HTTP/1.1" 404 13056 "https://quickmerchantcapital.com" "Mozilla/5.0 AppleWebKit/537.36 (KHTML, like Gecko; compatible; GPTBot/1.3; +https://openai.com/gptbot)"
74.7.227.39 - - [01/Mar/2026:07:53:34 -0500] "GET /_ga=2.194520151.1959248980.1729572762-298938660.1699686982&_bdsid=9hazun.n~WQHNA.1732116235308.1768856191&_bd_prev_page=https:/quickmerchantcapital.com/detail.php?189044415.htm HTTP/1.1" 404 13056 "https://quickmerchantcapital.com" "Mozilla/5.0 AppleWebKit/537.36 (KHTML, like Gecko; compatible; GPTBot/1.3; +https://openai.com/gptbot)"
74.7.227.39 - - [01/Mar/2026:07:53:35 -0500] "GET /_ga=2.198715112.1952414439.1728288162-155741069.1699991780&_bdsid=sr5nh9.n~AFQHY.1784602078561.1789262057&_bd_prev_page=https:/quickmerchantcapital.com/detail.php?196005258.htm HTTP/1.1" 404 13056 "https://quickmerchantcapital.com" "Mozilla/5.0 AppleWebKit/537.36 (KHTML, like Gecko; compatible; GPTBot/1.3; +https://openai.com/gptbot)"
74.7.227.39 - - [01/Mar/2026:07:53:37 -0500] "GET /_ga=2.196579480.1954032154.1720718422-081499332.1699948007&_bdsid=ka2ruu.n~SHBFL.1700991615778.1737765691&_bd_prev_page=https:/quickmerchantcapital.com/detail.php?195021855.htm HTTP/1.1" 404 13056 "https://quickmerchantcapital.com" "Mozilla/5.0 AppleWebKit/537.36 (KHTML, like Gecko; compatible; GPTBot/1.3; +https://openai.com/gptbot)"
74.7.227.39 - - [01/Mar/2026:07:53:40 -0500] "GET /_ga=2.190387853.1954878940.1720908133-714600927.1699143008&_bdsid=hcyhqy.n~CXKSX.1777950975357.1758098507&_bd_prev_page=https:/quickmerchantcapital.com/detail.php?165030180.htm HTTP/1.1" 404 13056 "https://quickmerchantcapital.com" "Mozilla/5.0 AppleWebKit/537.36 (KHTML, like Gecko; compatible; GPTBot/1.3; +https://openai.com/gptbot)"
74.7.227.39 - - [01/Mar/2026:07:53:45 -0500] "GET /_ga=2.198801734.1955076349.1721897326-026487027.1699715683&_bdsid=l33yz4.n~EIEPJ.1713523858338.1764967476&_bd_prev_page=https:/quickmerchantcapital.com/detail.php?111019336.htm HTTP/1.1" 404 13056 "https://quickmerchantcapital.com" "Mozilla/5.0 AppleWebKit/537.36 (KHTML, like Gecko; compatible; GPTBot/1.3; +https://openai.com/gptbot)"
74.7.227.39 - - [01/Mar/2026:07:53:46 -0500] "GET /_ga=2.197186516.1954703406.1729387318-473427340.1699903890&_bdsid=oxdalk.n~JGPFW.1771539728819.1782014533&_bd_prev_page=https:/quickmerchantcapital.com/detail.php?047032487.htm HTTP/1.1" 404 13056 "https://quickmerchantcapital.com" "Mozilla/5.0 AppleWebKit/537.36 (KHTML, like Gecko; compatible; GPTBot/1.3; +https://openai.com/gptbot)"
74.7.227.39 - - [01/Mar/2026:07:53:18 -0500] "GET /_ga=2.196285856.1957363684.1726161546-939083384.1699314933&_bdsid=m04uvc.n~JFEEL.1725521034049.1777024584&_bd_prev_page=https:/quickmerchantcapital.com/detail.php?207020537.htm HTTP/1.1" 404 13056 "https://quickmerchantcapital.com" "Mozilla/5.0 AppleWebKit/537.36 (KHTML, like Gecko; compatible; GPTBot/1.3; +https://openai.com/gptbot)"
74.7.227.39 - - [01/Mar/2026:07:53:19 -0500] "GET /_ga=2.191001950.1953315031.1723570355-185311385.1699563773&_bdsid=ukwjxx.n~YELKV.1777295467781.1768451366&_bd_prev_page=https:/quickmerchantcapital.com/detail.php?035021206.htm HTTP/1.1" 404 13056 "https://quickmerchantcapital.com" "Mozilla/5.0 AppleWebKit/537.36 (KHTML, like Gecko; compatible; GPTBot/1.3; +https://openai.com/gptbot)"
74.7.227.39 - - [01/Mar/2026:07:53:26 -0500] "GET /_ga=2.190062801.1956390683.1727502170-539613213.1699604162&_bdsid=ex0sve.n~DMOMF.1758158885374.1796799978&_bd_prev_page=https:/quickmerchantcapital.com/detail.php?287021778.htm HTTP/1.1" 404 13056 "https://quickmerchantcapital.com" "Mozilla/5.0 AppleWebKit/537.36 (KHTML, like Gecko; compatible; GPTBot/1.3; +https://openai.com/gptbot)"
74.7.227.39 - - [01/Mar/2026:07:53:30 -0500] "GET /_ga=2.195746189.1958345696.1729183537-165450858.1699936358&_bdsid=8caq47.n~JRYDU.1718010864951.1702320914&_bd_prev_page=https:/quickmerchantcapital.com/detail.php?218018786.htm HTTP/1.1" 404 13056 "https://quickmerchantcapital.com" "Mozilla/5.0 AppleWebKit/537.36 (KHTML, like Gecko; compatible; GPTBot/1.3; +https://openai.com/gptbot)"
74.7.227.39 - - [01/Mar/2026:07:53:38 -0500] "GET /_ga=2.191555509.1954444036.1727776918-552708485.1699524087&_bdsid=zhhix9.n~ZPLYF.1707378827115.1791988394&_bd_prev_page=https:/quickmerchantcapital.com/detail.php?109047362.htm HTTP/1.1" 404 13056 "https://quickmerchantcapital.com" "Mozilla/5.0 AppleWebKit/537.36 (KHTML, like Gecko; compatible; GPTBot/1.3; +https://openai.com/gptbot)"
74.7.227.39 - - [01/Mar/2026:07:53:41 -0500] "GET /_ga=2.199123525.1955932920.1720540430-587837074.1699989186&_bdsid=9tt3l6.n~CFVHQ.1705859155133.1708094004&_bd_prev_page=https:/quickmerchantcapital.com/detail.php?219035227.htm HTTP/1.1" 404 13056 "https://quickmerchantcapital.com" "Mozilla/5.0 AppleWebKit/537.36 (KHTML, like Gecko; compatible; GPTBot/1.3; +https://openai.com/gptbot)"
74.7.227.39 - - [01/Mar/2026:07:53:43 -0500] "GET /_ga=2.192736468.1955841476.1729020142-050395144.1699941290&_bdsid=gu7ani.n~ZGWOQ.1706522843205.1796554025&_bd_prev_page=https:/quickmerchantcapital.com/detail.php?069041997.htm HTTP/1.1" 404 13056 "https://quickmerchantcapital.com" "Mozilla/5.0 AppleWebKit/537.36 (KHTML, like Gecko; compatible; GPTBot/1.3; +https://openai.com/gptbot)"
74.7.227.39 - - [01/Mar/2026:07:53:53 -0500] "GET /_ga=2.197101964.1952126503.1722163848-359080251.1699386769&_bdsid=s7f50h.n~MLORU.1771869360404.1791538574&_bd_prev_page=https:/quickmerchantcapital.com/detail.php?111037669.htm HTTP/1.1" 404 13056 "https://quickmerchantcapital.com" "Mozilla/5.0 AppleWebKit/537.36 (KHTML, like Gecko; compatible; GPTBot/1.3; +https://openai.com/gptbot)"
